3 + n. What are the prime factors of s?
2
Let l = -6 + 24. Let r = l - 8. Suppose 2*q - r + 6 = 0. List the prime factors of q.
2
Let l(f) = 14*f**2 - 3*f + 1. Let y be l(-3). Let k = y + -59. Let o = -29 + k. What are the prime factors of o?
2, 3
Suppose 18 = 4*b - 50. List the prime factors of (2/3)/((476/51618)/b).
1229
List the prime factors of (1/(-2))/(26/(-979004)).
67, 281
Let z = -397 + 402. Suppose -4*j = z - 13, 3*w = -4*j + 1481. List the prime factors of w.
491
Suppose -j + 4*h = 1, -3*j - 2*h - 68 - 5 = 0. What are the prime factors of (-164)/((-22)/j - 28/21)?
2, 7, 41
Let m(i) = 45403*i + 303. Let p be m(9). What are the prime factors of p/240 + (-1)/(-8)?
2, 3, 71
Let j(y) be the third derivative of -y**6/120 + y**5/20 + 5*y**4/24 - 2*y**2. Let z be j(4). Suppose -z*a - 528 = -15*a. List the prime factors of a.
2, 3
Suppose 4*k = 4*s + 29840, 7*s = 5*k + 5*s - 37318. List the prime factors of k.
2, 3733
Let z be (-13)/(-13) + 2 + -1. Suppose -z*c + 18 = -2*q, 4*c = 3*c + 4*q - 3. Suppose 3*s - 232 + c = 0. List the prime factors of s.
73
Suppose 29*t - 54*t - 239638 = -39*t. What are the prime factors of t?
17117
What are the prime factors of 44 - ((-34)/(-68))/(3/(-6) - -1)?
43
Suppose -4*l = 5*l - 459. Suppose -4*k + 151 - l = 0. List the prime factors of k.
5
Suppose a = -24*a + 22375. Suppose -5*h = 5*b - a, 5*h + 127 = b - 40. What are the prime factors of b?
3, 59
Suppose 19217 + 470769 = 2*r + 60*r. What are the prime factors of r?
7, 1129
Suppose 0 - 7 = t + 3*l, 8 = -3*t + 4*l. Let v be (-6 - -10)*(-5)/t. Suppose h = 3*h - v*s - 37, 5*h - 2*s = 40. What are the prime factors of h?
2, 3
Let w(f) be the third derivative of f**5/15 + 7*f**4/24 - 3*f**3 + 28*f**2. What are the prime factors of w(11)?
3, 181
Let u be (-3)/1 + (-13 + 0 - 11). Suppose 2*n = 3*n + 36. Let j = u - n. What are the prime factors of j?
3
Let m(x) = -2*x**2 - 30*x + 35. Let s be m(-14). Let i = s - -309. List the prime factors of i.
2, 3, 31
Suppose -6*j + 31 = 1. Suppose 0 = 10*s + j*s - 5070. List the prime factors of s.
2, 13
Let u(g) = 10*g - 13. Let c be (30 + -2)/4 - (2 - -1). Suppose 0 = -2*b + c*w + 2 - 0, -5*b - 2*w = -41. What are the prime factors of u(b)?
3, 19
Let y be 6 - (-4 + 6) - -3265. Suppose -235 = -8*s + y. What are the prime factors of s?
2, 3, 73
Suppose 71*y - 6741 = -4*k + 66*y, -5*y = 2*k - 3373. List the prime factors of k.
2, 421
What are the prime factors of ((-195)/(-60))/(25805/5160 + -5)?
2, 3, 13, 43
Suppose -5*a = -2*r + 4, -5*r - 15*a + 41 = -12*a. Let h(m) = 181*m - 115. List the prime factors of h(r).
2, 3
Let a(w) = w. Let o(q) = 6*q - 24. Let y(h) = 3*a(h) - o(h). Let v be y(9). What are the prime factors of (-7)/(-4)*(-204)/v?
7, 17
Let w(l) = l**3 + 9*l**2 - 2*l - 13. Let c be (-6)/(6 + -5)*6/4. Let d be w(c). Suppose u + 52 = 4*h + 4*u, 0 = -d*h + 4*u + 65. List the prime factors of h.
13
Let s be (-1 - (3 + 2))*(-2)/6. Let i(b) = s*b**3 + 32 - 26 - 9*b**3 - 2*b**2. What are the prime factors of i(-2)?
2, 3
Suppose -67*h + 76*h = 675. What are the prime factors of h/(-9)*(-294)/35?
2, 5, 7
Let g(n) = n**3 - n**2 + 2*n + 1. Let c(z) = 5*z**3 - 12*z**2 - 19*z + 29. Let v(o) = c(o) - 3*g(o). What are the prime factors of v(10)?
2, 3, 73
Suppose 0 = 3*l - 3*y - 28044, -133*l = -134*l + 5*y + 9364. List the prime factors of l.
2, 73
Suppose 5*v + 305260 = 5*t, -84*t + 2*v - 244238 = -88*t. List the prime factors of t.
61057
Suppose 0*u + u = 6. What are the prime factors of ((-3320)/(-15))/4*u?
2, 83
Let c(n) = 11 + 10*n - 51 + 2*n. Let g be c(9). Suppose 35 = h - 3*m, -2*h + 4*m = 2 - g. List the prime factors of h.
29
Let a = 2276 - -13364. What are the prime factors of a?
2, 5, 17, 23
Let a = 22988 - 15070. List the prime factors of a.
2, 37, 107
Suppose i + 2*u - 7*u = 29, 2*i - 33 = 5*u. Suppose 2*c - 222 = 2*x, i*c + 605 = -5*x - c. What are the prime factors of 3/(-1 - (3 - 5)) - x?
7, 17
Suppose 1622*u + 45474 = 1635*u. List the prime factors of u.
2, 3, 11, 53
Let o(q) = -18 - 3 - 8 - 29*q - 8 - 29. What are the prime factors of o(-30)?
2, 3, 67
Suppose s + 8091 = k, -3*k + 93*s - 92*s + 24271 = 0. What are the prime factors of k?
2, 5, 809
Let c(r) = -27*r - 5. Suppose -7*n + 3*n + 2*t = 4, -2*t = -2*n. Let a be (n*3)/(8 + -6). List the prime factors of c(a).
2, 19
Suppose 3*k + 5*n = 21 + 8, -5*k + 5*n = 5. Suppose b + 256 = -k*b. List the prime factors of 50/8 + (-48)/b.
7
Suppose 124*x = 2426608 - 333984. List the prime factors of x.
2, 4219
Let u(s) = -51*s - 129. What are the prime factors of u(-79)?
2, 3, 5, 13
Let i = 344 - 349. List the prime factors of i/((-20)/1269) - (-9)/12.
2, 3, 53
Let o(a) = 77*a**3 - a**2 + a - 1. Let z be o(1). Suppose -57 = -2*j - 0*j - 3*t, -5*t - z = -3*j. Suppose 62 + j = r. What are the prime factors of r?
89
Let h(k) = -k + 33. Let t be h(29). Suppose -17*m = -t*m - 286. List the prime factors of m.
2, 11
Let x = 12342 - -27551. List the prime factors of x.
7, 41, 139
Suppose 3*l + 4*f = 7*l - 24, 0 = -4*l + 5*f + 28. What are the prime factors of 1 + (-3884)/(-4) + 0 + l?
2, 487
Let t = 15030 - 11426. List the prime factors of t.
2, 17, 53
Suppose -66 - 24 = 2*r. Let l = r - -83. Suppose -2*c + 214 = l. List the prime factors of c.
2, 11
Let m = 15571 + -10716. Suppose -12*f + 10073 = -m. What are the prime factors of f?
2, 311
Suppose 12 = 3*g, 850 = i + 3*g - g. What are the prime factors of -9 + i*2/2?
7, 17
Suppose 0 = 7*c + 3691 + 292. Let b = c - -1388. What are the prime factors of b?
3, 7, 13
Suppose -251*b = -241*b - 33640. What are the prime factors of b?
2, 29
Let x(z) be the second derivative of z**4/2 - 3*z**3/2 + 10*z**2 - 107*z. List the prime factors of x(-7).
13, 29
Let v = -182 - -37. What are the prime factors of (-1544)/(-10) - (-58)/v?
2, 7, 11
Let v = -1242 - -2339. What are the prime factors of v?
1097
Let j = 1006 - 599. Let l = j + 562. List the prime factors of l.
3, 17, 19
List the prime factors of 18/(-8 - 354085/(-44252)).
2, 3, 13, 37
Suppose 4*m + 5767 = 3*q, -4*q = -m - 715 - 6983. Suppose -3139 - q = -12*w. What are the prime factors of w?
2, 211
Suppose 0 = -3*h + 4*m + 2199 + 337, -4*h + 2*m + 3378 = 0. Let a = -288 + h. Suppose 4*j - 3*p = 201 + a, 3*j + 2*p = 589. List the prime factors of j.
193
Let a(v) = 17*v**2 - 4*v + 9. Let n be a(-4). Let q = 229 + n. What are the prime factors of q?
2, 263
Suppose -2*j = -4*l - 161178, 22*j - 80585 = 21*j + 3*l. List the prime factors of j.
11, 17, 431
Let y(f) = f**2 + 469*f + 11804. What are the prime factors of y(0)?
2, 13, 227
Let m be (-3 - -4)*6 + 40/5. Suppose -m*b + 10910 - 4176 = 0. List the prime factors of b.
13, 37
Let d = 84 + -77. Suppose -s - 618 = -d*s. Suppose -s*b + 108*b = 625. List the prime factors of b.
5
Let d = -11 + 6. Let a(b) = -b**3 - 2*b**2 - 138. Let z be a(0). Let k = d - z. List the prime factors of k.
7, 19
Let p(x) = -x**2 + 7*x - 10. Suppose -4*l - 5*t = -40, -2*l = -2*t + 4*t - 18. Let q be p(l). Suppose -4*y + 166 + 266 = q. What are the prime factors of y?
2, 3
Let l = 323 + -307. List the prime factors of l/(7 - 3) + 394 + -2.
2, 3, 11
Suppose 30 = -482*x + 487*x. Suppose 2655 = x*w - 1503. List the prime factors of w.
3, 7, 11
Let h(v) = -v**2 + 16. Let q be h(4). Let i be (q - (-2)/3)/(1/(-18)). Let w = i - -30. What are the prime factors of w?
2, 3
Let h(m) be the first derivative of -m**4/4 + 3*m**3 - 2*m**2 + 6*m - 2. Suppose -24*j + 96 = -12*j. List the prime factors of h(j).
2, 19
Suppose 0 = -v + 4, -i - 82*v + 3334 = -87*v. What are the prime factors of i?
2, 3, 13, 43
Let m = 17210 - 11406. List the prime factors of m.
2, 1451
Let f = -302 - -297. What are the prime factors of f/((-40)/(-32)) - -173?
13
Suppose -2*o = -v + 9, -4*v + 2*v + 6 = 0. Let d(r) = 313*r**2 + 5*r + 8. Let u be d(o). Suppose -u - 430 = -15*f. List the prime factors of f.
2, 3
Let i be (-1 - -91)*(-2)/(-28)*7. Suppose r - 2553 = i*j - 48*j, -3 = r. List the prime factors of j.
2, 3, 71
Let p(x) = -x**3 - 5*x**2 - x + 4. Let t be p(-5). What are the prime factors of ((-84)/(-35))/(t/1290)?
2, 43
Let z(x) be the third derivative of -5*x**4/12 - 4*x**3 + 2*x**2. Suppose 5*u - 41 = 4*k, 66 - 70 = -4*k - 4*u. What are the prime factors of z(k)?
2
Let i(o) = 14705